e 16.
-bff8
What is -1b632 (base 16) in base 2?
-11011011000110010
45a33 (base 12) to base 4
112232013
Convert 11010000100101010101 (base 2) to base 10.
854357
What is 24bb50 (base 12) in base 9?
1115686
340452 (base 8) to base 4
130010222
What is -303cd (base 15) in base 8?
-452247
-2aba (base 15) to base 3
-110120211
What is 33424201 (base 5) in base 4?
1020021333
-10010100010011011010101 (base 2) to base 16
-4a26d5
Convert -13b71a (base 13) to base 15.
-97db9
What is -363505 (base 8) in base 10?
-124741
Convert 4154420 (base 8) to base 13.
2c8752
-4605987 (base 11) to base 5
-4030413024
What is -52345 (base 16) in base 7?
-2601442
What is -61208 (base 11) in base 6?
-1530003
What is 294540 (base 11) in base 10?
459844
898d8 (base 14) to base 3
121221212022
6694c (base 13) to base 12
8b871
Convert 1157663 (base 8) to base 14.
84591
Convert 154727 (base 11) to base 2.
111010101101001000
4114302 (base 6) to base 13
6b696
Convert 111320220310 (base 4) to base 15.
784cc7
Convert -175cbb (base 14) to base 9.
-1483814
What is 10110110111101101001 (base 2) in base 8?
2667551
What is -1cc15b6 (base 14) in base 5?
-12144321200
Convert 72700411 (base 8) to base 15.
154d07d
Convert -372dac (base 15) to base 14.
-4cad45
What is 1010301 (base 5) in base 15?
4c86
-222200301112 (base 4) to base 9
-22865061
What is -113345 (base 10) in base 6?
-2232425
1232212 (base 6) to base 3
10101100222
What is -6461342 (base 10) in base 7?
-105630506
What is 153444055 (base 6) in base 4?
30123002003
Convert -61125605 (base 7) to base 13.
-108c51b
Convert -2200020033 (base 4) to base 10.
-655887
Convert 55450 (base 9) to base 2.
1000111111010011
-296a (base 14) to base 16
-1cb2
What is -203231042 (base 5) in base 15?
-117c4c
What is -226857 (base 10) in base 13?
-7c347
Convert 2069259 (base 10) to base 14.
3bc163
Convert -21379 (base 12) to base 6.
-534233
3652731 (base 8) to base 11
6270a2
Convert -10100101000101111 (base 2) to base 16.
-14a2f
What is 7b7591 (base 14) in base 12?
14aaba3
Convert 130030212 (base 4) to base 5.
12143434
135828 (base 10) to base 2
100001001010010100
Convert 35205 (base 9) to base 4.
11233013
Convert -221133 (base 7) to base 14.
-1021a
What is 268155 (base 9) in base 8?
477143
Convert 111110101011 (base 3) to base 8.
1005305
10001011021102 (base 3) to base 12
65ba02
-3314241 (base 6) to base 4
-220122301
-1241330 (base 5) to base 8
-60016
993de2 (base 15) to base 2
11011110111000001011110
What is -79c94 (base 13) in base 7?
-1612535
What is 1102001001 (base 3) in base 7?
143563
Convert -11111110111221 (base 3) to base 2.
-1001000111101011101111
What is -203210253 (base 7) in base 16?
-b5dd6c
-4a3cc (base 16) to base 9
-513102
Convert -22202002020 (base 3) to base 4.
-222001020
What is 105134030 (base 6) in base 15?
28077c
What is -12112202022 (base 3) in base 11?
-75025
-102110010122 (base 3) to base 16
-3704f
-304101042 (base 5) to base 12
-4b8293
e59 (base 15) to base 9
4383
What is -1440b11 (base 12) in base 8?
-17405075
-1434b8 (base 13) to base 9
-831177
270cba (base 13) to base 11
595843
Convert 2504051 (base 7) to base 3.
121021222022
What is 110101010110101011100 (base 2) in base 13?
492a0b
What is -61b6a (base 12) in base 15?
-27d0a
What is 521043 (base 8) in base 11?
108730
Convert 2008651 (base 10) to base 4.
13222121023
-202310110 (base 4) to base 5
-14030422
Convert -487da4 (base 16) to base 9.
-8840727
What is 15344345 (base 8) in base 9?
6562145
Convert -427041 (base 12) to base 11.
-6570a7
Convert -521019 (base 13) to base 10.
-1915806
-10001000111110010100 (base 2) to base 16
-88f94
Convert -54002 (base 10) to base 4.
-31023302
What is -13334 (base 13) in base 11?
-24907
Convert 636225 (base 11) to base 13.
29876c
What is -1100111000010 (base 2) in base 12?
-3996
1113342 (base 5) to base 15
5d32
2433340 (base 6) to base 7
1045224
What is -1423213400 (base 5) in base 10?
-3726100
7346581 (base 9) to base 4
32333010022
-38143 (base 13) to base 5
-11302413
What is -25426725 (base 8) in base 14?
-a70365
1ca03 (base 16) to base 3
12221211122
Convert 47176 (base 11) to base 10.
68085
Convert -2a060b (base 14) to base 15.
-1dcd4a
-222123301021 (base 4) to base 15
-e9ae0a
11022310 (base 7) to base 6
32143254
Convert -12101211121120 (base 3) to base 5.
-1213324040
364102 (base 8) to base 3
20100110102
-3d529 (base 14) to base 16
-25181
What is 10110101221102 (base 3) in base 15?
264b15
Convert 164c7 (base 13) to base 9.
64363
What is -1000101101010011111 (base 2) in base 9?
-474367
What is 21303012203 (base 4) in base 7?
30555443
Convert 240103005 (base 6) to base 3.
22102222120012
-2186561 (base 12) to base 10
-6397849
What is 4490401 (base 10) in base 12?
1606741
-21112021202010 (base 3) to base 8
-17207017
What is 102312111212 (base 4) in base 8?
22662546
Convert -20525330 (base 6) to base 14.
-119834
What is 10211120103 (base 4) in base 7?
13133310
Convert -115c8 (base 13) to base 9.
-47516
101111010101101110 (base 2) to base 3
100211222120
What is -55159 (base 11) in base 2?
-10011100010101101
Convert 1710238 (base 9) to base 11.
59a9a9
-474244 (base 14) to base 15
-330741
What is -3042322032 (base 5) in base 11?
-3564757
What is 2010022120 (base 3) in base 6?
521240
50297 (base 12) to base 15
20c8d
1b464d (base 14) to base 16
ed74d
Convert -3b5bcf (base 16) to base 7.
-45031323
Convert 4344633 (base 7) to base 12.
218073
What is -4e52c (base 15) in base 9?
-422166
6a6096 (base 11) to base 4
10101220213
What is -b387 (base 13) in base 15?
-7525
Convert 22121021102 (base 3) to base 11.
106245
32dd2 (base 16) to base 8
626722
What is -230333030 (base 4) in base 13?
-65b46
What is -627576 (base 8) in base 7?
-1526435
-2103401 (base 7) to base 13
-8b400
What is 125380 (base 10) in base 14?
3399a
Convert -101121002221011 (base 3) to base 6.
-320411351
202246 (base 8) to base 3
10101112100
Convert -7672544 (base 10) to base 9.
-15383668
ab97c (base 15) to base 13
1613bb
101011011101010100 (base 2) to base 15
37b1e
-11110230113 (base 4) to base 9
-2556212
19b06 (base 14) to base 5
4042044
What is 7648 (base 16) in base 14?
b06c
-3103211 (base 4) to base 3
-200120112
Convert -140564022 (base 7) to base 2.
-100010111100000010010010
What is 4b3083 (base 15) in base 13?
992919
-213646 (base 9) to base 13
-45c90
What is 1103321232 (base 4) in base 8?
1237156
Convert 55317a (base 11) to base 4.
3113133211
-102034451 (base 7) to base 10
-6008906
Convert 551224230 (base 6) to base 5.
10011113024
102100100112211 (base 3) to base 12
2029687
What is 301424023 (base 5) in base 16?
125663
What is -1172543 (base 9) in base 16?
-9bd6f
What is -2123455 (base 6) in base 16?
-1983b
What is 389b8 (base 12) in base 11?
53226
14708093 (base 10) to base 15
1457e48
Convert -5390a (base 15) to base 3.
-111110220101
Convert -10412300 (base 5) to base 16.
-165b7
What is 143b174 (base 12) in base 2?
1111011111111000101000
What is 33012403 (base 6) in base 5?
222403101
3f04ae (base 16) to base 3
21202211020201
-111010000011010011 (base 2) to base 8
-720323
-711263 (base 12) to base 16
-1aed2b
-110111001101111010110 (base 2) to base 5
-430344431
Convert 843757 (base 9) to base 16.
7a6c2
Convert 10766148 (base 10) to base 4.
221010131010
133211022 (base 4) to base 12
62a36
What is 10310156 (base 7) in base 14?
18b59d
What is -875aa (base 11) in base 12?
-61716
Convert -10214142 (base 5) to base 4.
-110320223
What is 151431 (base 8) in base 13?
1b7a0
What is 2026a (base 15) in base 10?
101800
-110664446 (base 8) to base 5
-14342113034
202230423 (base 5) to base 9
1480751
Convert 472781 (base 9) to base 14.
75817
235137 (base 8) to base 9
132351
Convert -84514 (base 10) to base 4.
-110220202
Convert -1237382 (base 11) to base 12.
-876824
-1022220111 (base 3) to base 12
-13194
What is 2719413 (base 10) in base 9?
5104300
332146 (base 10) to base 3
121212121201
What is 520da1 (base 14) in base 4?
22203330001
Convert 126030 (base 7) to base 9.
35440
Convert 1c499a (base 13) to base 16.
b0ded
Convert -b9743b (base 12) to base 4.
-23030322233
Convert -1a2132a (base 11) to base 3.
-20102101212100
Convert 310224 (base 6) to base 7.
132022
What is 10140141 (base 5) in base 2?
10100011101010100
What is -2031443 (base 5) in base 6?
-414301
Convert 4863b (base 12) to base